{"id":3256,"date":"2021-05-27T18:59:11","date_gmt":"2021-05-27T18:59:11","guid":{"rendered":"http:\/\/fhukserodruk.pl\/?post_type=product&#038;p=3256"},"modified":"2021-05-28T00:11:00","modified_gmt":"2021-05-28T00:11:00","slug":"brother-dcp-j525-zamiennik-kompet-tuszy-brother-lc-1220-cmyk-zamiennik","status":"publish","type":"product","link":"https:\/\/fhukserodruk.pl\/index.php\/produkt\/brother-dcp-j525-zamiennik-kompet-tuszy-brother-lc-1220-cmyk-zamiennik\/","title":{"rendered":"Brother DCP-J525 &#8211; ZAMIENNIK -kompet tuszy Brother LC-1220 CMYK zamiennik"},"content":{"rendered":"<p><strong>Zestaw LC-1240CMYK zamiennik zawiera p<\/strong><strong>ojedyncze wk\u0142ady z tuszem:<\/strong><br \/>\n<span style=\"color: #0000ff;\">&gt; <a style=\"color: #0000ff;\" href=\"https:\/\/fhukserodruk.pl\/index.php\/produkt\/brother-dcp-j525-zamennik-tusz-brother-lc-1240m-zamiennik-magenta\/\"><span style=\"font-size: 16px;\">LC-1240M \u2013 magenta &#8211; zamiennik<\/span><\/a><\/span><br \/>\n<a href=\"https:\/\/fhukserodruk.pl\/index.php\/produkt\/brother-dcp-j525-zamiennik-czarny-tusz-brother-lc-1240bk\/\"><span style=\"color: #0000ff;\">&gt; LC-1240BK \u2013 czarny &#8211; zamiennik<\/span><\/a><br \/>\n<a href=\"https:\/\/fhukserodruk.pl\/index.php\/produkt\/brother-dcp-j525-zamiennik-tusz-cyan-brother-lc-1240c\/\"><span style=\"color: #0000ff;\">&gt; LC-1240C \u2013 cyan &#8211; zamiennik<\/span><\/a><br \/>\n<a href=\"https:\/\/fhukserodruk.pl\/index.php\/produkt\/brother-dcp-j525-zamiennik-zolty-tusz-brother-lc-1240y-zamiennik\/\"><span style=\"color: #0000ff;\">&gt; LC-1240Y \u2013 \u017c\u00f3\u0142ty -0 zamiennik<\/span><\/a><br \/>\nTusze zamienniki : LC-1240BK, LC-1240C, LC-1240M i LC-1240Y wchodz\u0105ce w sk\u0142ad zestawu LC-1240CMYK zamiennik zaprojektowano w celu optymalnej wsp\u00f3\u0142pracy z drukarkami Brother. Zapewniaj\u0105 one najwy\u017csz\u0105 jako\u015b\u0107 ka\u017cdego wydruku.<br \/>\nZamiennik zestawu tuszy LC-1240CMYK zapewnia najwy\u017csz\u0105 jako\u015b\u0107 pracy drukarki.<br \/>\nWydajno\u015b\u0107 druku ka\u017cdego z nich wynosi do 600 stron.<br \/>\n<strong>Tusze pasuj\u0105 do drukarek:<\/strong><br \/>\nBrother DCP-J525 W,\u00a0 Brother MFC-J430 W,\u00a0 Brother MFC-J835 DW<br \/>\nBrother DCP-J725 DW,\u00a0 Brother MFC-J625 DW<br \/>\nBrother DCP-J925 DW,\u00a0 Brother MFC-J825 DW<\/p>\n","protected":false},"excerpt":{"rendered":"<ul>\n<li>Tusze zamienniki Brother LC-1220 CMYK\u00a0 to komplet zawieraj\u0105cy kolory: Czarny, \u017b\u00f3\u0142ty, Purpurowy, B\u0142\u0119kitny.<\/li>\n<li>Ka\u017cdy tusz zapewnia wydajno\u015b\u0107 druku do 600 stron zgodnie z norm\u0105 ISO\/IEC 24711.<\/li>\n<li><span style=\"color: #0000ff;\"><strong><span style=\"color: #000000;\">PRODUKTY POKREWNE<\/span><\/strong><br \/>\n&gt; <a style=\"color: #0000ff;\" href=\"https:\/\/fhukserodruk.pl\/index.php\/produkt\/brother-dcp-j525-zamennik-tusz-brother-lc-1240m-zamiennik-magenta\/\"><span style=\"font-size: 16px;\">LC-1240M \u2013 magenta &#8211; zamiennik<\/span><\/a><\/span><br \/>\n<a href=\"https:\/\/fhukserodruk.pl\/index.php\/produkt\/brother-dcp-j525-zamiennik-czarny-tusz-brother-lc-1240bk\/\"><span style=\"color: #0000ff;\">&gt; LC-1240BK \u2013 czarny &#8211; zamiennik<\/span><\/a><br \/>\n<a href=\"https:\/\/fhukserodruk.pl\/index.php\/produkt\/brother-dcp-j525-zamiennik-tusz-cyan-brother-lc-1240c\/\"><span style=\"color: #0000ff;\">&gt; LC-1240C \u2013 cyan &#8211; zamiennik<\/span><\/a><br \/>\n<a href=\"https:\/\/fhukserodruk.pl\/index.php\/produkt\/brother-dcp-j525-zamiennik-zolty-tusz-brother-lc-1240y-zamiennik\/\"><span style=\"color: #0000ff;\">&gt; LC-1240Y \u2013 \u017c\u00f3\u0142ty -0 zamiennik<\/span><\/a><\/li>\n<\/ul>\n","protected":false},"featured_media":3257,"template":"","meta":{"site-sidebar-layout":"default","site-content-layout":"default","ast-site-content-layout":"","site-content-style":"default","site-sidebar-style":"default","ast-global-header-display":"","ast-banner-title-visibility":"","ast-main-header-display":"","ast-hfb-above-header-display":"","ast-hfb-below-header-display":"","ast-hfb-mobile-header-display":"","site-post-title":"","ast-breadcrumbs-content":"","ast-featured-img":"","footer-sml-layout":"","theme-transparent-header-meta":"default","adv-header-id-meta":"","stick-header-meta":"","header-above-stick-meta":"","header-main-stick-meta":"","header-below-stick-meta":"","astra-migrate-meta-layouts":"default","ast-page-background-enabled":"default","ast-page-background-meta":{"desktop":{"background-color":"","background-image":"","background-repeat":"repeat","background-position":"center center","background-size":"auto","background-attachment":"scroll","background-type":"","background-media":"","overlay-type":"","overlay-color":"","overlay-gradient":""},"tablet":{"background-color":"","background-image":"","background-repeat":"repeat","background-position":"center center","background-size":"auto","background-attachment":"scroll","background-type":"","background-media":"","overlay-type":"","overlay-color":"","overlay-gradient":""},"mobile":{"background-color":"","background-image":"","background-repeat":"repeat","background-position":"center center","background-size":"auto","background-attachment":"scroll","background-type":"","background-media":"","overlay-type":"","overlay-color":"","overlay-gradient":""}},"ast-content-background-meta":{"desktop":{"background-color":"var(--ast-global-color-5)","background-image":"","background-repeat":"repeat","background-position":"center center","background-size":"auto","background-attachment":"scroll","background-type":"","background-media":"","overlay-type":"","overlay-color":"","overlay-gradient":""},"tablet":{"background-color":"var(--ast-global-color-5)","background-image":"","background-repeat":"repeat","background-position":"center center","background-size":"auto","background-attachment":"scroll","background-type":"","background-media":"","overlay-type":"","overlay-color":"","overlay-gradient":""},"mobile":{"background-color":"var(--ast-global-color-5)","background-image":"","background-repeat":"repeat","background-position":"center center","background-size":"auto","background-attachment":"scroll","background-type":"","background-media":"","overlay-type":"","overlay-color":"","overlay-gradient":""}}},"product_cat":[24],"product_tag":[],"_links":{"self":[{"href":"https:\/\/fhukserodruk.pl\/index.php\/wp-json\/wp\/v2\/product\/3256"}],"collection":[{"href":"https:\/\/fhukserodruk.pl\/index.php\/wp-json\/wp\/v2\/product"}],"about":[{"href":"https:\/\/fhukserodruk.pl\/index.php\/wp-json\/wp\/v2\/types\/product"}],"version-history":[{"count":7,"href":"https:\/\/fhukserodruk.pl\/index.php\/wp-json\/wp\/v2\/product\/3256\/revisions"}],"predecessor-version":[{"id":3369,"href":"https:\/\/fhukserodruk.pl\/index.php\/wp-json\/wp\/v2\/product\/3256\/revisions\/3369"}],"wp:featuredmedia":[{"embeddable":true,"href":"https:\/\/fhukserodruk.pl\/index.php\/wp-json\/wp\/v2\/media\/3257"}],"wp:attachment":[{"href":"https:\/\/fhukserodruk.pl\/index.php\/wp-json\/wp\/v2\/media?parent=3256"}],"wp:term":[{"taxonomy":"product_cat","embeddable":true,"href":"https:\/\/fhukserodruk.pl\/index.php\/wp-json\/wp\/v2\/product_cat?post=3256"},{"taxonomy":"product_tag","embeddable":true,"href":"https:\/\/fhukserodruk.pl\/index.php\/wp-json\/wp\/v2\/product_tag?post=3256"}],"curies":[{"name":"wp","href":"https:\/\/api.w.org\/{rel}","templated":true}]}}