{"id":3293,"date":"2021-05-27T21:31:55","date_gmt":"2021-05-27T21:31:55","guid":{"rendered":"http:\/\/fhukserodruk.pl\/?post_type=product&#038;p=3293"},"modified":"2021-05-27T21:37:17","modified_gmt":"2021-05-27T21:37:17","slug":"hp-laserjet-p1102-oryginalny-wklad-z-czarnym-tonerem","status":"publish","type":"product","link":"https:\/\/fhukserodruk.pl\/index.php\/produkt\/hp-laserjet-p1102-oryginalny-wklad-z-czarnym-tonerem\/","title":{"rendered":"HP LaserJet P1102 oryginalny wk\u0142ad z czarnym tonerem"},"content":{"rendered":"<p>Toner HP 85A LaserJet czarny ORYGINALNY (CE285A)<\/p>\n<p>Wk\u0142ad z czarnym tonerem HP 85 LaserJet zapewnia du\u017ce korzy\u015bci przy codziennym drukowaniu dokument\u00f3w biznesowych. \u0141atwy druk raport\u00f3w, list\u00f3w i faktur w profesjonalnej jako\u015bci. Oszcz\u0119dno\u015b\u0107 czasu i ograniczenie przestoj\u00f3w dzi\u0119ki oryginalnym kasetom z tonerem HP LaserJet zaprojektowanym wraz z drukark\u0105, aby zapewni\u0107 bezproblemowe drukowanie. Wysokiej jako\u015bci wydruki i du\u017ce korzy\u015bci przy codziennym\u00a0drukowaniu dokument\u00f3w biznesowych.<\/p>\n<p>Wyrazisty, czytelny tekst i ostre obrazy. Profesjonalna jako\u015b\u0107 druku, wyrazisty, czytelny tekst i ostre czarno-bia\u0142e obrazy. Czarny toner sferyczny i technologia\u00a0wk\u0142ad\u00f3w drukuj\u0105cych HP zapewniaj\u0105 precyzyjne nak\u0142adanie cz\u0105steczek tonera podczas druku. Korzystanie z drukarek\u00a0HP LaserJet w po\u0142\u0105czeniu z oryginalnymi wk\u0142adami drukuj\u0105cymi HP to gwarancja, \u017ce wydruki b\u0119d\u0105 zawsze wysokiej jako\u015bci.<br \/>\n<span style=\"font-size: 16px;\">Wydajno\u015b\u0107 wk\u0142ad\u00f3w (w czerni)\u00a0<\/span><span style=\"font-size: 16px;\">1 600 stron (Przybli\u017cona \u015brednia wydajno\u015b\u0107 wg normy ISO\/IEC 19752.<br \/>\nRzeczywista wydajno\u015b\u0107 mo\u017ce si\u0119 znacznie r\u00f3\u017cni\u0107 w zale\u017cno\u015bci od zawarto\u015bci drukowanych stron i innych czynnik\u00f3w. Szczeg\u00f3\u0142owe informacje s\u0105 dost\u0119pne pod adresem http:\/\/www.hp.com\/go\/learnaboutsupplies.)<\/span><\/p>\n<p><b>Toner pasuje do urz\u0105dze\u0144:<\/b><\/p>\n<ul>\n<li>HP LaserJet Pro P1102<\/li>\n<li>HP LaserJet Pro P1102w<\/li>\n<li>HP LaserJet Pro M1130<\/li>\n<li>HP LaserJet Pro M1210mfp<\/li>\n<li>HP LaserJet Pro M1132<\/li>\n<li>HP laserJet Pro P1100<\/li>\n<li>HP LaserJet Pro M1212nf<\/li>\n<li>HP LaserJet Pro M1217nfw Mfp<\/li>\n<li>inne z tej serii<\/li>\n<\/ul>\n","protected":false},"excerpt":{"rendered":"<h1>Toner HP 85A CE285A<\/h1>\n<p>Kod produktu: CE285A<\/p>\n<ul>\n<li>Doskona\u0142a jako\u015b\u0107 wydruku<\/li>\n<li>Wydajno\u015b\u0107 1600 stron<\/li>\n<li>Kolor: Czarny (black)<\/li>\n<\/ul>\n","protected":false},"featured_media":3296,"template":"","meta":{"site-sidebar-layout":"default","site-content-layout":"default","ast-site-content-layout":"","site-content-style":"default","site-sidebar-style":"default","ast-global-header-display":"","ast-banner-title-visibility":"","ast-main-header-display":"","ast-hfb-above-header-display":"","ast-hfb-below-header-display":"","ast-hfb-mobile-header-display":"","site-post-title":"","ast-breadcrumbs-content":"","ast-featured-img":"","footer-sml-layout":"","theme-transparent-header-meta":"default","adv-header-id-meta":"","stick-header-meta":"","header-above-stick-meta":"","header-main-stick-meta":"","header-below-stick-meta":"","astra-migrate-meta-layouts":"default","ast-page-background-enabled":"default","ast-page-background-meta":{"desktop":{"background-color":"","background-image":"","background-repeat":"repeat","background-position":"center center","background-size":"auto","background-attachment":"scroll","background-type":"","background-media":"","overlay-type":"","overlay-color":"","overlay-gradient":""},"tablet":{"background-color":"","background-image":"","background-repeat":"repeat","background-position":"center center","background-size":"auto","background-attachment":"scroll","background-type":"","background-media":"","overlay-type":"","overlay-color":"","overlay-gradient":""},"mobile":{"background-color":"","background-image":"","background-repeat":"repeat","background-position":"center center","background-size":"auto","background-attachment":"scroll","background-type":"","background-media":"","overlay-type":"","overlay-color":"","overlay-gradient":""}},"ast-content-background-meta":{"desktop":{"background-color":"var(--ast-global-color-5)","background-image":"","background-repeat":"repeat","background-position":"center center","background-size":"auto","background-attachment":"scroll","background-type":"","background-media":"","overlay-type":"","overlay-color":"","overlay-gradient":""},"tablet":{"background-color":"var(--ast-global-color-5)","background-image":"","background-repeat":"repeat","background-position":"center center","background-size":"auto","background-attachment":"scroll","background-type":"","background-media":"","overlay-type":"","overlay-color":"","overlay-gradient":""},"mobile":{"background-color":"var(--ast-global-color-5)","background-image":"","background-repeat":"repeat","background-position":"center center","background-size":"auto","background-attachment":"scroll","background-type":"","background-media":"","overlay-type":"","overlay-color":"","overlay-gradient":""}}},"product_cat":[40],"product_tag":[],"_links":{"self":[{"href":"https:\/\/fhukserodruk.pl\/index.php\/wp-json\/wp\/v2\/product\/3293"}],"collection":[{"href":"https:\/\/fhukserodruk.pl\/index.php\/wp-json\/wp\/v2\/product"}],"about":[{"href":"https:\/\/fhukserodruk.pl\/index.php\/wp-json\/wp\/v2\/types\/product"}],"version-history":[{"count":1,"href":"https:\/\/fhukserodruk.pl\/index.php\/wp-json\/wp\/v2\/product\/3293\/revisions"}],"predecessor-version":[{"id":3295,"href":"https:\/\/fhukserodruk.pl\/index.php\/wp-json\/wp\/v2\/product\/3293\/revisions\/3295"}],"wp:featuredmedia":[{"embeddable":true,"href":"https:\/\/fhukserodruk.pl\/index.php\/wp-json\/wp\/v2\/media\/3296"}],"wp:attachment":[{"href":"https:\/\/fhukserodruk.pl\/index.php\/wp-json\/wp\/v2\/media?parent=3293"}],"wp:term":[{"taxonomy":"product_cat","embeddable":true,"href":"https:\/\/fhukserodruk.pl\/index.php\/wp-json\/wp\/v2\/product_cat?post=3293"},{"taxonomy":"product_tag","embeddable":true,"href":"https:\/\/fhukserodruk.pl\/index.php\/wp-json\/wp\/v2\/product_tag?post=3293"}],"curies":[{"name":"wp","href":"https:\/\/api.w.org\/{rel}","templated":true}]}}